{"id":467,"date":"2025-10-28T03:25:05","date_gmt":"2025-10-28T02:25:05","guid":{"rendered":"https:\/\/recursosegb.usach.cl\/cddeduparv\/?page_id=467"},"modified":"2026-03-28T15:03:39","modified_gmt":"2026-03-28T14:03:39","slug":"recursos-digitales-para-educacion-parvularia","status":"publish","type":"page","link":"https:\/\/recursosegb.usach.cl\/cddeduparv\/index.php\/recursos-digitales-para-educacion-parvularia\/","title":{"rendered":"Recursos Digitales para Educaci\u00f3n Parvular\u00eda"},"content":{"rendered":"\n<hr class=\"wp-block-separator has-alpha-channel-opacity\"\/>\n\n\n\n<div style=\"height:100px\" aria-hidden=\"true\" class=\"wp-block-spacer\"><\/div>\n\n\n\n<div class=\"wp-block-columns is-layout-flex wp-container-core-columns-is-layout-28f84493 wp-block-columns-is-layout-flex\">\n<div class=\"wp-block-column is-layout-flow wp-block-column-is-layout-flow\"><\/div>\n\n\n\n<div class=\"wp-block-column is-layout-flow wp-block-column-is-layout-flow\"><\/div>\n\n\n\n<div class=\"wp-block-column is-layout-flow wp-block-column-is-layout-flow\"><\/div>\n<\/div>\n\n\n\n<figure class=\"wp-block-image size-full\"><img fetchpriority=\"high\" decoding=\"async\" width=\"1024\" height=\"1536\" src=\"https:\/\/recursosegb.usach.cl\/cddeduparv\/wp-content\/uploads\/2025\/10\/ChatGPT-Image-27-oct-2025-11_13_25-p.m-1.png\" alt=\"\" class=\"wp-image-573\" style=\"aspect-ratio:3\/4;object-fit:cover\" srcset=\"https:\/\/recursosegb.usach.cl\/cddeduparv\/wp-content\/uploads\/2025\/10\/ChatGPT-Image-27-oct-2025-11_13_25-p.m-1.png 1024w, https:\/\/recursosegb.usach.cl\/cddeduparv\/wp-content\/uploads\/2025\/10\/ChatGPT-Image-27-oct-2025-11_13_25-p.m-1-200x300.png 200w\" sizes=\"(max-width: 1024px) 100vw, 1024px\" \/><\/figure>\n\n\n\n<div class=\"wp-block-columns is-layout-flex wp-container-core-columns-is-layout-28f84493 wp-block-columns-is-layout-flex\">\n<div class=\"wp-block-column is-layout-flow wp-block-column-is-layout-flow\">\n<h3 class=\"wp-block-heading has-text-align-center\">Recursos Interactivos<\/h3>\n<\/div>\n\n\n\n<div class=\"wp-block-column is-layout-flow wp-block-column-is-layout-flow\">\n<h3 class=\"wp-block-heading has-text-align-center\">Recursos IA<\/h3>\n<\/div>\n\n\n\n<div class=\"wp-block-column is-layout-flow wp-block-column-is-layout-flow\">\n<h3 class=\"wp-block-heading has-text-align-center\">Centro de Recursos<\/h3>\n<\/div>\n<\/div>\n\n\n\n<div class=\"wp-block-columns is-layout-flex wp-container-core-columns-is-layout-28f84493 wp-block-columns-is-layout-flex\">\n<div class=\"wp-block-column is-layout-flow wp-block-column-is-layout-flow\">\n<p class=\"has-text-align-left\">Explora juegos, plataformas y atividades digitales dise\u00f1adas para fomentar el aprendizaje activo y la curiosidad en los ni\u00f1os y ni\u00f1as. Estos recursos promueven el desarrollo de habilidades cognitivas, emocionales y sociales a trav\u00e9s de la exploraci\u00f3n y la diversi\u00f3n.<\/p>\n<\/div>\n\n\n\n<div class=\"wp-block-column is-layout-flow wp-block-column-is-layout-flow\">\n<p>Descubre herramientas basadas en inteligencia artificial que potencian la creatividad y facilitan la planificaci\u00f3n pedag\u00f3gica. Desde generadores de contenido hasta asistentes educativos, estos recursos ayudan a personalizar la ense\u00f1anza y optimizar el trabajo docente.<\/p>\n<\/div>\n\n\n\n<div class=\"wp-block-column is-layout-flow wp-block-column-is-layout-flow\">\n<p>Accede a materiales de apoyo, gu\u00edas, documentos y enlaces \u00fatiles para fortalecer tu pr\u00e1ctica educativa. Este espacio re\u00fane contenidos seleccionados para acompa\u00f1arte en la integraci\u00f3n de la tecnolog\u00eda en el aula de forma efectiva y significativa.<\/p>\n<\/div>\n<\/div>\n\n\n\n<div class=\"wp-block-columns is-layout-flex wp-container-core-columns-is-layout-28f84493 wp-block-columns-is-layout-flex\">\n<div class=\"wp-block-column is-layout-flow wp-block-column-is-layout-flow\">\n<a href=\"https:\/\/recursosegb.usach.cl\/cddeduparv\/index.php\/2025\/10\/17\/recursos-interactivos\/\" \n   target=\"_blank\" \n   style=\"display:inline-block;padding:12px 20px;background:#003366;color:#fff;border-radius:8px;\n          text-decoration:none;font-weight:bold;font-family:sans-serif;transition:background 0.3s;\">\n  Ver Recursos Interactivos\n<\/a>\n\n\n<\/div>\n\n\n\n<div class=\"wp-block-column is-layout-flow wp-block-column-is-layout-flow\">\n<a href=\"https:\/\/recursosegb.usach.cl\/cddeduparv\/index.php\/2025\/10\/27\/recursos-de-ia\/\" \n   target=\"_blank\" \n   style=\"display:inline-block;padding:12px 20px;background:#003366;color:#fff;border-radius:8px;text-decoration:none;font-weight:bold;\">\n  Ver Recursos y Herramientas de IA\n<\/a>\n<\/div>\n\n\n\n<div class=\"wp-block-column is-layout-flow wp-block-column-is-layout-flow\">\n<a href=\"https:\/\/recursosegb.usach.cl\/cddeduparv\/index.php\/2025\/10\/28\/centro-de-recursos\/\" \n   target=\"_blank\" \n   style=\"display:inline-block;padding:12px 20px;background:#003366;color:#fff;border-radius:8px;\n          text-decoration:none;font-weight:bold;font-family:sans-serif;transition:all 0.3s ease;\"\n   onmouseover=\"this.style.background='#0055aa';\"\n   onmouseout=\"this.style.background='#003366';\">\n  Ver Centro de Recursos\n<\/a>\n\n<\/div>\n<\/div>\n\n\n\n<p><\/p>\n","protected":false},"excerpt":{"rendered":"<p>Recursos Interactivos Recursos IA Centro de Recursos Explora juegos, plataformas y atividades digitales dise\u00f1adas para fomentar el aprendizaje activo y la curiosidad en los ni\u00f1os y ni\u00f1as. Estos recursos promueven el desarrollo de habilidades cognitivas, emocionales y sociales a trav\u00e9s de la exploraci\u00f3n y la diversi\u00f3n. Descubre herramientas basadas en inteligencia artificial que potencian la [&hellip;]<\/p>\n","protected":false},"author":1,"featured_media":0,"parent":0,"menu_order":0,"comment_status":"closed","ping_status":"closed","template":"","meta":{"footnotes":""},"class_list":["post-467","page","type-page","status-publish","hentry"],"_links":{"self":[{"href":"https:\/\/recursosegb.usach.cl\/cddeduparv\/index.php\/wp-json\/wp\/v2\/pages\/467","targetHints":{"allow":["GET"]}}],"collection":[{"href":"https:\/\/recursosegb.usach.cl\/cddeduparv\/index.php\/wp-json\/wp\/v2\/pages"}],"about":[{"href":"https:\/\/recursosegb.usach.cl\/cddeduparv\/index.php\/wp-json\/wp\/v2\/types\/page"}],"author":[{"embeddable":true,"href":"https:\/\/recursosegb.usach.cl\/cddeduparv\/index.php\/wp-json\/wp\/v2\/users\/1"}],"replies":[{"embeddable":true,"href":"https:\/\/recursosegb.usach.cl\/cddeduparv\/index.php\/wp-json\/wp\/v2\/comments?post=467"}],"version-history":[{"count":5,"href":"https:\/\/recursosegb.usach.cl\/cddeduparv\/index.php\/wp-json\/wp\/v2\/pages\/467\/revisions"}],"predecessor-version":[{"id":575,"href":"https:\/\/recursosegb.usach.cl\/cddeduparv\/index.php\/wp-json\/wp\/v2\/pages\/467\/revisions\/575"}],"wp:attachment":[{"href":"https:\/\/recursosegb.usach.cl\/cddeduparv\/index.php\/wp-json\/wp\/v2\/media?parent=467"}],"curies":[{"name":"wp","href":"https:\/\/api.w.org\/{rel}","templated":true}]}}